 577 and 12950188.
577
What is the highest common factor of 520 and 282302735?
65
What is the greatest common factor of 4735426 and 1340?
134
Calculate the greatest common divisor of 386357040 and 13675.
2735
What is the highest common divisor of 2220 and 307287960?
2220
Calculate the greatest common divisor of 21744 and 72933.
453
Calculate the highest common divisor of 538 and 380539505.
269
What is the highest common factor of 22425442 and 26?
26
Calculate the highest common divisor of 2704 and 3349112.
104
Calculate the highest common factor of 2006 and 688707.
59
What is the greatest common divisor of 100137 and 66584199?
3453
Calculate the highest common divisor of 80866578 and 312.
78
What is the greatest common divisor of 10690765 and 3077?
181
Calculate the greatest common divisor of 21020256 and 48.
48
What is the greatest common divisor of 5698605 and 231?
33
Calculate the greatest common factor of 497 and 44428321.
497
What is the greatest common divisor of 78072 and 9072?
24
What is the greatest common divisor of 2154 and 707948718?
2154
What is the greatest common divisor of 92011 and 32421?
101
What is the greatest common factor of 20327063 and 268?
67
Calculate the highest common divisor of 2438 and 9898598.
106
What is the greatest common factor of 940945 and 2075?
5
Calculate the highest common divisor of 535710 and 28140.
210
What is the greatest common divisor of 2383520 and 1990?
10
Calculate the highest common factor of 2907027 and 9.
9
What is the greatest common factor of 325183 and 476733?
433
Calculate the highest common factor of 1054592 and 97636.
308
What is the highest common factor of 75 and 21669700?
25
What is the greatest common factor of 536187 and 77433?
1461
Calculate the greatest common divisor of 11267 and 21907.
19
What is the highest common factor of 118175 and 17545?
145
Calculate the greatest common factor of 223 and 46844941.
223
What is the highest common divisor of 469860 and 8364?
492
What is the greatest common divisor of 4092 and 12074612?
44
What is the highest common factor of 273 and 2045394?
39
Calculate the greatest common factor of 23518363 and 11.
11
What is the greatest common factor of 1264464 and 60912?
432
Calculate the highest common divisor of 3922546 and 7310.
1462
What is the highest common divisor of 2750 and 19083625?
1375
Calculate the highest common factor of 515055068 and 44.
44
Calculate the greatest common divisor of 6231 and 26126985.
201
Calculate the highest common factor of 410776204 and 233.
233
What is the highest common factor of 23467274 and 597?
199
Calculate the greatest common factor of 4291 and 3598.
7
Calculate the greatest common factor of 17567500 and 300.
100
What is the greatest common divisor of 29748 and 188?
4
Calculate the greatest common factor of 1028 and 248189012.
1028
What is the greatest common factor of 14100996 and 652281?
7329
Calculate the greatest common divisor of 177375 and 967285.
2365
Calculate the greatest common divisor of 56181873 and 484.
121
What is the greatest common divisor of 2208300 and 1299?
1299
What is the greatest common divisor of 3985 and 65390?
5
Calculate the greatest common divisor of 7807709 and 1030.
103
What is the highest common factor of 6968 and 3755336?
104
Calculate the greatest common divisor of 5399 and 973023977.
5399
Calculate the highest common factor of 356382 and 1040.
26
What is the highest common factor of 22997 and 4625790?
377
Calculate the highest common divisor of 6496 and 3924928.
224
Calculate the greatest common divisor of 6080 and 11702720.
320
Calculate the greatest common factor of 46 and 17429975.
23
Calculate the highest common factor of 255 and 43434099.
51
Calculate the highest common divisor of 117828801 and 3447.
3447
Calculate the greatest common divisor of 40658 and 444.
2
Calculate the greatest common factor of 13853026 and 2.
2
Calculate the greatest common divisor of 119 and 103377085.
119
Calculate the highest common factor of 38752592 and 400.
16
Calculate the greatest common factor of 254932 and 58144.
92
Calculate the greatest common factor of 56052 and 11226924.
324
What is the greatest common divisor of 2186599506 and 13?
13
Calculate the highest common factor of 72 and 580829148.
36
What is the highest common divisor of 14378 and 62263376?
1106
Calculate the highest common factor of 6121 and 45233.
1
What is the greatest common factor of 9376243 and 26229?
1249
Calculate the highest common factor of 244144 and 1256.
8
Calculate the highest common factor of 91168 and 105952.
2464
What is the greatest common factor of 78761 and 373558790?
4633
Calculate the greatest common factor of 21328536 and 72.
24
Calculate the highest common factor of 192 and 4996064.
32
Calculate the greatest common divisor of 271 and 34500739.
271
What is the highest common divisor of 224 and 909837152?
224
Calculate the greatest common factor of 122458 and 10598.
14
What is the greatest common factor of 17555481 and 30186?
1161
Calculate the highest common divisor of 88 and 116811816.
88
Calculate the greatest common factor of 124085 and 153985.
1495
What is the highest common factor of 1533 and 112035?
21
What is the highest common divisor of 22 and 240610337?
11
What is the highest common divisor of 29236872 and 652239?
10353
Calculate the highest common divisor of 5187 and 1775048457.
5187
What is the highest common divisor of 38929 and 253?
11
What is the greatest common factor of 110 and 138461818?
22
Calculate the highest common factor of 858 and 5222074.
286
Calculate the highest common factor of 55372 and 38045360.
436
What is the greatest common divisor of 3332 and 214648?
28
Calculate the highest common factor of 216406448 and 736.
368
Calculate the highest common divisor of 1355928 and 403368.
1176
Calculate the greatest common factor of 975 and 114019750.
325
Calculate the greatest common divisor of 4409992 and 24.
8
What is the highest common factor of 35567433 and 495?
99
Calculate the greatest common factor of 352 and 563750.
22
Calculate the greatest common divisor of 288 and 138708.
36
What is the highest common factor of 278 and 162?
2
Calculate the highest common factor of 22726656 and 360.
72
What is the greatest common divisor of 7209 and 16732?
89
What is the highest common divisor of 22075 and 2777035?
4415
Calculate the greatest common divisor of 101525 and 4679975.
3275
What is the highest common factor of 575937 and 5063?
83
What is the greatest common divisor of 4104320 and 765320?
2120
What is the highest common divisor of 505447258 and 498?
166
Calculate the highest common divisor of 6402283 and 1562.
71
Calculate the greatest common factor of 59907 and 82023.
57
Calculate the greatest common factor of 63 and 17015544.
63
What is the highest common divisor of 424 and 746323528?
424
Calculate the greatest common factor of 1287742 and 145726.
2974
What is the highest common factor of 145 and 306907319?
29
Calculate the greatest common divisor of 7781571 and 819.
63
Calculate the highest common factor of 115065238 and 158.
158
What is the highest common factor of 145551966 and 28?
14
What is the highest common factor of 359030 and 53015?
115
What is the highest common factor of 36 and 4389254?
2
What is the greatest common divisor of 1274300 and 100?
100
Calculate the greatest common factor of 751754 and 47030966.
10298
Calculate the greatest common factor of 98 and 170790.
2
What is the highest common factor of 31 and 63815887?
31
What is the highest common factor of 41623 and 44833?
107
Calculate the greatest common divisor of 130016543 and 347675.
13907
Calculate the highest common divisor of 6017825 and 7900.
1975
What is the greatest common divisor of 1325 and 95453?
53
Calculate the highest common factor of 98 and 55081537.
49
What is the highest common divisor of 3210449 and 209?
209
What is the greatest common divisor of 97043400 and 810?
270
Calculate the greatest common divisor of 737 and 11093525.
67
Calculate the highest common factor of 22148 and 15400.
28
Calculate the greatest common divisor of 58 and 228994237.
29
What is the highest common divisor of 100330 and 4191000?
1270
Calculate the greatest common divisor of 700 and 40720300.
100
Calculate the high